-14. What is the hundreds digit of (1586/183)/((-4)/d)?
6
Suppose -c - 1719 = 4*y, -4*y + 0*c - 1725 = 3*c. Let h = 746 + y. What is the units digit of h?
7
Suppose 0 = 48*x - 51*x - 6, 5*r + x = 83983. What is the hundreds digit of r?
7
Let n be ((-6)/4)/(45/(-80250)). Suppose -4*o + 3*b = -3576, 3*o - n = -0*o + 4*b. What is the tens digit of o?
9
Suppose -5*g = -5*s - 128400, -7*s + 5*s + 51360 = 2*g. What is the units digit of g?
0
Let g(o) = -1679*o + 16. Suppose 2*c = 0, -2*i = -5*i + 2*c - 3. What is the tens digit of g(i)?
9
Let m(z) = -577*z - 6204. What is the thousands digit of m(-32)?
2
Suppose 22*u = 24*u - 4. Let x be (u - (2 - 2))/((-3)/21). What is the units digit of (-1 + -75)*(x - -13)?
6
Let z(y) be the second derivative of 2*y**3 - 17*y**2/2 - 90*y. Let d = 6 + 1. What is the units digit of z(d)?
7
Let i = 51057 - 7641. What is the units digit of i?
6
Suppose 0*x + 3*x = 4*k - 23, 3*x + 15 = 0. Suppose 903 = k*i - 243. What is the hundreds digit of (50/15 + -4)*i/(-2)?
1
Let x(r) = r - 1 + 5*r + 16 - 3*r. Let t be x(-6). What is the units digit of 8/(-12) + (872/t)/(-4)?
2
Suppose 3*a = -18*y + 20*y - 12, -a - 5 = -y. Let o(m) = -1 + 5 - 1 - 12*m**3 + 3*m**2 + 4*m. What is the units digit of o(a)?
3
Suppose 34*k - 83595 = 1303. What is the thousands digit of k?
2
Let p be (-41 + 42)*(3 + -1). Let r(j) = 264*j - 9. What is the units digit of r(p)?
9
Let u = -51 - -58. Suppose g = u*g - 1032. What is the hundreds digit of g?
1
Suppose 7*q = -10366 + 48236. What is the hundreds digit of q?
4
Let i = 13814 + 987. What is the thousands digit of i?
4
Let i be 1 + -3 - (2 + -4 + -2). Suppose f = -i*f + 660. Suppose 5*u - q - q - f = 0, -225 = -5*u + q. What is the units digit of u?
6
Suppose -56*g + 24 = -59*g. Suppose 3*j = -3*a + j + 174, 0 = -a + j + 53. What is the units digit of (g/(-12))/((a/(-324))/(-7))?
7
Let m(o) = -2*o**2 + o - 1. Let u(r) = r**3 + 34*r**2 + 32*r + 104. Let j(a) = -4*m(a) - u(a). What is the hundreds digit of j(-25)?
1
Let f(n) = -n**3 + 2*n**2 + 2. Let i be f(2). Suppose -r = 2*z + i*r - 2031, 5*z - 4*r = 5112. What is the thousands digit of z?
1
Let b = 8409 + -7560. What is the tens digit of b?
4
Let x(q) = 71*q + 98. Let i(a) = -142*a - 195. Let n(y) = 3*i(y) + 5*x(y). What is the units digit of n(-4)?
9
Let z(x) = 630*x**3 - 5*x**2 + 16*x - 7. What is the units digit of z(2)?
5
Let q = 37370 - 14701. What is the units digit of q?
9
Let d be (-13 - 380) + (-2)/(-2). Let n = -124 - d. Let i = n - 178. What is the tens digit of i?
9
Let b(f) = 6*f**2 + 11*f - 4. Let o = 92 - 75. Suppose o = -q + 12. What is the tens digit of b(q)?
9
Let y(o) be the second derivative of 17*o**3/3 - 37*o**2/2 + 37*o. Let q(v) = -135*v + 150. Let t(g) = -5*q(g) - 21*y(g). What is the tens digit of t(-5)?
2
Let v = 9 + 1. Suppose 0 = -2*f - v*f + 5064. Let x = f - 214. What is the hundreds digit of x?
2
Let h be 0/22 - (-1*6)/3. Suppose 6 = h*f, -154 = -3*v + 3*f + 149. What is the tens digit of v?
0
Suppose 4*o - 8 = 2*h, -5*h - 14*o + 4 = -12*o. Suppose -q - 5*w = -133, -3*w = q - h*q - 131. What is the units digit of q?
8
Let u(m) = 1117*m**3 - m**2 + 19*m - 18. Let n be u(1). Let f = n - 292. What is the hundreds digit of f?
8
Suppose 110*s - 84278 - 56324 = -15422. What is the tens digit of s?
3
Suppose -1539*m = -1543*m - 20. What is the units digit of (-4019)/m + -9 + (-506)/(-55)?
4
Let h(i) = -67*i - 4*i**2 + 62*i + 27 + 9*i**2. What is the units digit of h(6)?
7
Suppose 224*x - 228*x = -5*i - 8440, x - 3*i = 2117. What is the hundreds digit of x?
1
Suppose -23 + 14 = -n. Suppose 3*a = n*a - 18. Suppose -y + 0*p + 110 = a*p, -388 = -4*y + p. What is the units digit of y?
8
Let j(k) be the first derivative of -25*k**2/2 + 6*k - 16. Let s be j(2). Let z = 145 + s. What is the tens digit of z?
0
Suppose 3*a + 0 = -s - 4, -4*a = s + 7. What is the units digit of 5/(-10)*(-4440)/s?
4
Let c = -19457 - -40382. What is the units digit of c?
5
Let v be (-5)/(7 - (-13188)/(-1883)). Suppose 2841 = 7*r - v. What is the units digit of r?
8
Suppose -4*n - 611 = -211. Let r = n + 428. What is the tens digit of r?
2
Let r(s) be the first derivative of 3*s**2/2 + 61*s + 62. Suppose -3*i - 20 = -2. What is the tens digit of r(i)?
4
Let u(p) = 69*p - 20. Let d be u(14). What is the units digit of 39/2*d/33?
9
Let s(g) = -6156*g + 1028. What is the ten thousands digit of s(-3)?
1
Let l(v) = -2*v**3 + 2*v**2 + v. Let g(n) = 3 + 3*n - n + 28*n**2 + n - 29*n**2. Let b be g(-1). What is the units digit of l(b)?
3
What is the thousands digit of 850/(227/25 - (2 - -7))?
0
Let x(m) be the second derivative of -7*m**3/3 + 143*m**2/2 - 68*m. What is the units digit of x(-23)?
5
Suppose -2*v + 6 = i + 2*i, -4*i = -v + 3. Suppose 2*u - 4*j - 104 = 0, -v*u - 2*u + 3*j = -246. What is the units digit of (-6)/(-8) + 1260/u?
7
Suppose -2*y + 2 = -y - 4*c, 0 = 5*c. Suppose 3*k - 5*u - 2933 = 0, k + 2*u + 979 = y*k. What is the hundreds digit of k?
9
Let x(l) = -l**3 + l**2 + l - 1. Let s be x(-2). Suppose 4*u + 301 = -4*w + s*w, 4*w - 247 = -3*u. Let a = w + 29. What is the units digit of a?
0
Suppose 3*l + 58 = n, 0 = 3*n - 2*n - 1. What is the tens digit of l - -500 - 4*1/(-2)?
8
Let v = 5418 + -2226. What is the thousands digit of v?
3
What is the thousands digit of -12*-5*(-2)/(-20) + 3718?
3
Suppose 3*w + 7625 = 4*h, 3*w + 615 + 5100 = 3*h. What is the thousands digit of h?
1
Suppose 2*m + 4*d - 17 + 23 = 0, m - 18 = 5*d. Suppose -2044 = -4*f - 5*n, 756 - 2312 = -m*f + 2*n. What is the units digit of f?
6
Let p(k) = 11*k**3 - 7*k**2 - 2*k - 14. Let a(t) = -9*t**3 + 6*t**2 + t + 11. Let n(j) = 6*a(j) + 5*p(j). What is the units digit of n(9)?
0
Let f = -31 + 43. Let t be (-6)/(-24) + (-3)/f. Suppose t*d + 820 = 10*d. What is the units digit of d?
2
Let h be 7*1 + 240/(-40). Suppose 5*p - 2353 - 2055 = -2*z, -h = z. What is the tens digit of p?
8
Suppose -13*z - 60 = -7*z. Let u = 17 + z. What is the units digit of 1/(((-14)/(-66))/u)?
3
Suppose 446*n = -87*n + 108*n + 16320425. What is the ten thousands digit of n?
3
Let w(t) = -31*t - 46. Suppose 10*p = -9*p - 532. What is the units digit of w(p)?
2
Suppose -3599 = 5*g + 2*y, 5*g + 2790 + 824 = 3*y. Let j = g - -1003. What is the units digit of j?
2
Let i be (-3797)/(-5) - (3 + 52/(-20)). Suppose 34*b - 6063 + i = 0. What is the hundreds digit of b?
1
Let f be (-1960)/(-105)*39/4. Suppose 0 = -n - 5*k + 392, 2*k - f = -2*n + 634. What is the hundreds digit of n?
4
Suppose 387 = -4*m + 3323. Suppose -3*v + m = -157. What is the tens digit of v?
9
Let x(j) = 3*j**2 + 95*j + 5 + j**2 - j**3 - 85*j - j**2. Let n be x(5). Suppose 5*o - n = 0, r - o = 3*r - 85. What is the tens digit of r?
4
Suppose 18*y - 11*y - 13580 = 0. Suppose -y = 41*f - 46*f. What is the units digit of f?
8
Suppose -6*g = 19*g + 12*g. Suppose g*l + 550 = 2*l. What is the hundreds digit of l?
2
Suppose 40 = 17*r - 79. What is the tens digit of (r/((-7)/(-432)) - 4) + 4?
3
Let q(h) = 6*h - 38. Let y be q(7). Suppose y*l + 220 = 5*l. What is the hundreds digit of l?
2
Let r = -17 + 17. Suppose r = d - 6. Suppose d*q = 2*q + 292. What is the tens digit of q?
7
Let x(r) = r**2 + 4*r + 4. Suppose 0 + 14 = -7*s. Let i be x(s). Suppose -4*q + 11*q - 203 = i. What is the units digit of q?
9
Let i(x) = x**3 + 7*x**2 - 6*x - 33. Suppose -3*w = -11 - 4. Suppose -3*m - 6*r + r = 16, -w*m = -r + 36. What is the units digit of i(m)?
9
Let m be (-160)/(-24)*(-2 - (-12)/15). Let l be 1/(((-3)/m)/(882/(-12))). What is the units digit of -2*(l/8 + 4)?
1
Let f(h) = 30*h**2 - 4*h + 3. Let o be f(-4). Let g = o - 107. Suppose -22*q + 24*q - g = 0. What is the tens digit of q?
9
Let j = -59 + 59. Suppose j = -26*w + 29*w - 9. Suppose w*g = 242 + 214. What is the tens digit of g?
5
What is the ten thousands digit of (-6418 + -1)*4307/(-511)?
5
Let t(p) be the first derivative of p**3 + 14*p**2 - 14*p + 44. What is the tens digit of t(-20)?
2
Suppose -3362424 = 36*f - 192*f. What is the units digit of f?
4
Suppose 6 = -0*j + j. What is the tens digit of (-9702)/(-45) - j/(-15)?
1
Let k = 960 - 975. Let a(j) = 7*j**2 + 42*j + 30. What is the hundreds digit of a(k)?
9
Suppose 5*q + 231 = 2*u, 183 = -4*q - 2*u + 3*u. Let f be (-1)/(-3) - (-3)/(q/(-